{"id":962,"date":"2020-02-17T17:11:17","date_gmt":"2020-02-17T20:11:17","guid":{"rendered":"https:\/\/isfdyt210-bue.infd.edu.ar\/sitio\/?page_id=962"},"modified":"2025-10-29T21:39:24","modified_gmt":"2025-10-30T00:39:24","slug":"profesorado-de-educacion-secundaria-en-ciencias-politicas","status":"publish","type":"page","link":"https:\/\/isfdyt210-bue.infd.edu.ar\/sitio\/profesorado-de-educacion-secundaria-en-ciencias-politicas\/","title":{"rendered":"Profesorado de Educaci\u00f3n Secundaria en Ciencias Pol\u00edticas"},"content":{"rendered":"<div id=\"metaslider-id-819\" style=\"max-width: 728px; margin: 0 auto;\" class=\"ml-slider-3-33-0 metaslider metaslider-flex metaslider-819 ml-slider ms-theme-default\" role=\"region\" aria-roledescription=\"Slideshow\" aria-label=\"Slideshow\">\n    <div id=\"metaslider_container_819\">\n        <div id=\"metaslider_819\" class=\"flexslider\">\n            <ul aria-live=\"polite\" class=\"slides\">\n                <li style=\"display: block; width: 100%;\" class=\"slide-1270 ms-image\" aria-roledescription=\"slide\" aria-label=\"slide-1270\"><img src=\"https:\/\/isfdyt210-bue.infd.edu.ar\/sitio\/wp-content\/uploads\/2020\/05\/CS_POL-1-1.jpg\" height=\"90\" width=\"728\" alt=\"\" class=\"slider-819 slide-1270\" title=\"CS_POL 1\" \/><\/li>\n                <li style=\"display: none; width: 100%;\" class=\"slide-1271 ms-image\" aria-roledescription=\"slide\" aria-label=\"slide-1271\"><img src=\"https:\/\/isfdyt210-bue.infd.edu.ar\/sitio\/wp-content\/uploads\/2020\/05\/CS_POL-2-1.jpg\" height=\"90\" width=\"728\" alt=\"\" class=\"slider-819 slide-1271\" title=\"CS_POL 2\" \/><\/li>\n                <li style=\"display: none; width: 100%;\" class=\"slide-1273 ms-image\" aria-roledescription=\"slide\" aria-label=\"slide-1273\"><img src=\"https:\/\/isfdyt210-bue.infd.edu.ar\/sitio\/wp-content\/uploads\/2020\/05\/CS_POL-3-1.jpg\" height=\"90\" width=\"728\" alt=\"\" class=\"slider-819 slide-1273\" title=\"CS_POL 3\" \/><\/li>\n                <li style=\"display: none; width: 100%;\" class=\"slide-1272 ms-image\" aria-roledescription=\"slide\" aria-label=\"slide-1272\"><img src=\"https:\/\/isfdyt210-bue.infd.edu.ar\/sitio\/wp-content\/uploads\/2020\/05\/CS_POL-4-1.jpg\" height=\"90\" width=\"728\" alt=\"\" class=\"slider-819 slide-1272\" title=\"CS_POL 4\" \/><\/li>\n            <\/ul>\n        <\/div>\n        \n    <\/div>\n<\/div>\n<p><a href=\"https:\/\/abc.gob.ar\/secretarias\/sites\/default\/files\/2023-04\/Dise%C3%B1o%20Curricular%20del%20Profesorado%20de%20Educaci%C3%B3n%20Secundaria%20en%20Ciencia%20Pol%C3%ADtica_0.pdf\" target=\"_blank\" rel=\"noopener\">&#8211; Profesorado de Educaci\u00f3n Secundaria en Ciencia Pol\u00edtica Plan de Estudios Res. 3604\/22<\/a><\/p>\n<p>El ciclo lectivo 2026 no tendr\u00e1 cohorte de primer a\u00f1o para la carrera de Profesorado de Educaci\u00f3n Secundaria en Ciencia Pol\u00edtica<\/p>\n<p><img decoding=\"async\" loading=\"lazy\" class=\"alignnone size-full wp-image-1980\" src=\"https:\/\/isfdyt210-bue.infd.edu.ar\/sitio\/wp-content\/uploads\/2025\/02\/Cs-pol.-2do-ano.jpg\" alt=\"\" width=\"543\" height=\"726\" \/><\/p>\n<p><img decoding=\"async\" loading=\"lazy\" class=\"alignnone size-full wp-image-1976\" src=\"https:\/\/isfdyt210-bue.infd.edu.ar\/sitio\/wp-content\/uploads\/2025\/02\/Cs-pol.-3er-ano.jpg\" alt=\"\" width=\"540\" height=\"739\" \/><\/p>\n<p><img decoding=\"async\" loading=\"lazy\" class=\"alignnone size-full wp-image-1977\" src=\"https:\/\/isfdyt210-bue.infd.edu.ar\/sitio\/wp-content\/uploads\/2025\/02\/Cs-pol.-4to-ano.jpg\" alt=\"\" width=\"540\" height=\"782\" \/><\/p>\n<p><img decoding=\"async\" loading=\"lazy\" class=\"alignnone size-full wp-image-1978\" src=\"https:\/\/isfdyt210-bue.infd.edu.ar\/sitio\/wp-content\/uploads\/2025\/02\/UCO.jpg\" alt=\"\" width=\"541\" height=\"182\" \/><\/p>\n","protected":false},"excerpt":{"rendered":"<p>&#8211; Profesorado de Educaci\u00f3n Secundaria en Ciencia Pol\u00edtica Plan de Estudios Res. 3604\/22 El ciclo lectivo 2026 no tendr\u00e1 cohorte de primer a\u00f1o para la carrera de Profesorado de Educaci\u00f3n Secundaria en Ciencia Pol\u00edtica<\/p>\n","protected":false},"author":568,"featured_media":0,"parent":0,"menu_order":0,"comment_status":"closed","ping_status":"closed","template":"","meta":[],"acf":[],"_links":{"self":[{"href":"https:\/\/isfdyt210-bue.infd.edu.ar\/sitio\/wp-json\/wp\/v2\/pages\/962"}],"collection":[{"href":"https:\/\/isfdyt210-bue.infd.edu.ar\/sitio\/wp-json\/wp\/v2\/pages"}],"about":[{"href":"https:\/\/isfdyt210-bue.infd.edu.ar\/sitio\/wp-json\/wp\/v2\/types\/page"}],"author":[{"embeddable":true,"href":"https:\/\/isfdyt210-bue.infd.edu.ar\/sitio\/wp-json\/wp\/v2\/users\/568"}],"replies":[{"embeddable":true,"href":"https:\/\/isfdyt210-bue.infd.edu.ar\/sitio\/wp-json\/wp\/v2\/comments?post=962"}],"version-history":[{"count":22,"href":"https:\/\/isfdyt210-bue.infd.edu.ar\/sitio\/wp-json\/wp\/v2\/pages\/962\/revisions"}],"predecessor-version":[{"id":2028,"href":"https:\/\/isfdyt210-bue.infd.edu.ar\/sitio\/wp-json\/wp\/v2\/pages\/962\/revisions\/2028"}],"wp:attachment":[{"href":"https:\/\/isfdyt210-bue.infd.edu.ar\/sitio\/wp-json\/wp\/v2\/media?parent=962"}],"curies":[{"name":"wp","href":"https:\/\/api.w.org\/{rel}","templated":true}]}}