{"id":955,"date":"2020-02-17T13:43:56","date_gmt":"2020-02-17T16:43:56","guid":{"rendered":"https:\/\/isfdyt210-bue.infd.edu.ar\/sitio\/?page_id=955"},"modified":"2026-02-26T12:18:24","modified_gmt":"2026-02-26T15:18:24","slug":"carreras","status":"publish","type":"page","link":"https:\/\/isfdyt210-bue.infd.edu.ar\/sitio\/carreras\/","title":{"rendered":"CARRERAS"},"content":{"rendered":"<h1 style=\"text-align: center;\">PROFESORADOS<\/h1>\n<ul>\n<li><a href=\"https:\/\/isfdyt210-bue.infd.edu.ar\/sitio\/profesorado-de-educacion-secundaria-en-ciencias-politicas\/\" target=\"_blank\" rel=\"noopener\">Profesorado de Educaci\u00f3n Secundaria en Ciencias Pol\u00edticas<\/a><\/li>\n<li><a href=\"https:\/\/isfdyt210-bue.infd.edu.ar\/sitio\/profesorado-de-educacion-secundaria-en-geografia\/\" target=\"_blank\" rel=\"noopener\">Profesorado de Educaci\u00f3n Secundaria en Geograf\u00eda<\/a><\/li>\n<li><a href=\"https:\/\/isfdyt210-bue.infd.edu.ar\/sitio\/profesorado-de-educacion-inicial\/\" target=\"_blank\" rel=\"noopener\">Profesorado de Educaci\u00f3n Inicial<\/a><\/li>\n<li><a href=\"https:\/\/isfdyt210-bue.infd.edu.ar\/sitio\/profesorado-de-educacion-primaria\/\" target=\"_blank\" rel=\"noopener\">Profesorado de Educaci\u00f3n Primaria<\/a><\/li>\n<li><a href=\"https:\/\/abc.gob.ar\/secretarias\/sites\/default\/files\/2021-05\/Dise%C3%B1o%20Curricular%20Profesorado%20de%20Educaci%C3%B3n%20F%C3%ADsica.pdf\">Profesorado de Educaci\u00f3n F\u00edsica<\/a><\/li>\n<\/ul>\n<h1 style=\"text-align: center;\">TECNICATURAS<\/h1>\n<ul>\n<li><a href=\"https:\/\/isfdyt210-bue.infd.edu.ar\/sitio\/tecnicatura-superior-en-higiene-y-seguridad-en-el-trabajo\/\" target=\"_blank\" rel=\"noopener\">Tecnicatura Superior en Higiene y Seguridad en el Trabajo (Res. 320\/13)<\/a><\/li>\n<li><a href=\"https:\/\/abc.gob.ar\/secretarias\/sites\/default\/files\/2025-12\/RSC-2025-6183%20Higiene%20Segur%20y%20Ambiente%20Laboral%20%282%20archivos%20fusionados%29.pdf\">Tecnicatura Superior en Higiene, Seguridad y Ambiente del Trabajo (Res. 6183\/25)<\/a><\/li>\n<li><a href=\"https:\/\/isfdyt210-bue.infd.edu.ar\/sitio\/tecnicatura-superior-en-acompanamiento-terapeutico\/\" target=\"_blank\" rel=\"noopener\">Tecnicatura Superior en Acompa\u00f1amiento Terap\u00e9utico<\/a><\/li>\n<li><a href=\"https:\/\/isfdyt210-bue.infd.edu.ar\/sitio\/tecnicatura-superior-en-analisis-de-sistemas\/\" target=\"_blank\" rel=\"noopener\">Tecnicatura Superior en An\u00e1lisis de Sistemas<\/a><\/li>\n<li><a href=\"https:\/\/isfdyt210-bue.infd.edu.ar\/sitio\/tecnicatura-superior-en-enfermeria\/\">Tecnicatura Superior en Enfermer\u00eda<\/a><\/li>\n<\/ul>\n","protected":false},"excerpt":{"rendered":"<p>PROFESORADOS Profesorado de Educaci\u00f3n Secundaria en Ciencias Pol\u00edticas Profesorado de Educaci\u00f3n Secundaria en Geograf\u00eda Profesorado de Educaci\u00f3n Inicial Profesorado de Educaci\u00f3n Primaria Profesorado de Educaci\u00f3n F\u00edsica TECNICATURAS Tecnicatura Superior en Higiene y Seguridad en el Trabajo (Res. 320\/13) Tecnicatura Superior en Higiene, Seguridad y Ambiente del Trabajo (Res. 6183\/25) Tecnicatura Superior en Acompa\u00f1amiento Terap\u00e9utico Tecnicatura &#8230; <a title=\"CARRERAS\" class=\"read-more\" href=\"https:\/\/isfdyt210-bue.infd.edu.ar\/sitio\/carreras\/\" aria-label=\"More on CARRERAS\">[+]<\/a><\/p>\n","protected":false},"author":568,"featured_media":0,"parent":0,"menu_order":0,"comment_status":"closed","ping_status":"closed","template":"","meta":[],"acf":[],"_links":{"self":[{"href":"https:\/\/isfdyt210-bue.infd.edu.ar\/sitio\/wp-json\/wp\/v2\/pages\/955"}],"collection":[{"href":"https:\/\/isfdyt210-bue.infd.edu.ar\/sitio\/wp-json\/wp\/v2\/pages"}],"about":[{"href":"https:\/\/isfdyt210-bue.infd.edu.ar\/sitio\/wp-json\/wp\/v2\/types\/page"}],"author":[{"embeddable":true,"href":"https:\/\/isfdyt210-bue.infd.edu.ar\/sitio\/wp-json\/wp\/v2\/users\/568"}],"replies":[{"embeddable":true,"href":"https:\/\/isfdyt210-bue.infd.edu.ar\/sitio\/wp-json\/wp\/v2\/comments?post=955"}],"version-history":[{"count":8,"href":"https:\/\/isfdyt210-bue.infd.edu.ar\/sitio\/wp-json\/wp\/v2\/pages\/955\/revisions"}],"predecessor-version":[{"id":2056,"href":"https:\/\/isfdyt210-bue.infd.edu.ar\/sitio\/wp-json\/wp\/v2\/pages\/955\/revisions\/2056"}],"wp:attachment":[{"href":"https:\/\/isfdyt210-bue.infd.edu.ar\/sitio\/wp-json\/wp\/v2\/media?parent=955"}],"curies":[{"name":"wp","href":"https:\/\/api.w.org\/{rel}","templated":true}]}}